on divisor of 65 and 1383005.
65
What is the greatest common divisor of 287 and 52439?
41
Calculate the greatest common divisor of 996 and 3240.
12
What is the greatest common factor of 48097 and 14?
7
What is the greatest common factor of 12408 and 94?
94
What is the greatest common factor of 2808 and 8?
8
Calculate the highest common divisor of 5100 and 379695.
255
Calculate the highest common divisor of 508 and 540.
4
What is the greatest common divisor of 375 and 340125?
375
What is the highest common factor of 42823 and 2618?
187
What is the greatest common divisor of 4796 and 4499?
11
What is the greatest common factor of 405 and 17793?
27
What is the highest common factor of 468 and 274014?
234
What is the highest common factor of 78 and 8706?
6
Calculate the greatest common divisor of 112251 and 426.
213
What is the greatest common factor of 987 and 4668181?
329
Calculate the highest common divisor of 53422 and 12.
2
Calculate the highest common divisor of 440943 and 309.
309
Calculate the highest common factor of 645 and 13261845.
645
Calculate the greatest common factor of 470 and 560.
10
Calculate the highest common divisor of 2895363 and 27.
9
What is the highest common factor of 10225 and 449491?
409
Calculate the greatest common factor of 65818 and 2.
2
Calculate the greatest common factor of 87465 and 13005.
255
What is the greatest common divisor of 96696 and 5056?
632
Calculate the highest common factor of 67892 and 660.
44
Calculate the highest common factor of 2052 and 475380.
684
What is the highest common factor of 30 and 32382?
6
Calculate the highest common divisor of 1895 and 422.
1
What is the highest common factor of 44662 and 822?
274
What is the highest common factor of 862963 and 548?
137
Calculate the highest common factor of 5513 and 2533.
149
What is the highest common factor of 12 and 293946?
6
What is the highest common divisor of 30745 and 11?
11
What is the greatest common divisor of 12714 and 6942?
78
Calculate the highest common divisor of 132 and 3906892.
44
Calculate the greatest common factor of 1488 and 140368.
496
Calculate the greatest common factor of 13079 and 11803.
319
What is the greatest common divisor of 16310 and 3710?
70
Calculate the greatest common factor of 610705 and 38283.
1823
What is the highest common divisor of 25063 and 63187?
353
What is the highest common factor of 7 and 10157?
7
What is the greatest common divisor of 83 and 665411?
83
Calculate the greatest common divisor of 44044 and 133133.
1001
Calculate the greatest common factor of 1300550 and 50.
50
What is the highest common factor of 7050 and 47658?
282
Calculate the greatest common factor of 880 and 6710.
110
What is the greatest common divisor of 175 and 2575?
25
What is the highest common divisor of 616 and 2408?
56
What is the highest common factor of 1642460 and 82?
82
Calculate the highest common divisor of 79521 and 663.
39
Calculate the greatest common divisor of 2106 and 7207785.
1053
Calculate the highest common divisor of 1000 and 896500.
500
Calculate the greatest common factor of 140 and 195370.
70
What is the greatest common factor of 8416 and 215923?
263
Calculate the highest common factor of 17 and 4720747.
17
Calculate the highest common divisor of 895999 and 481.
13
What is the greatest common divisor of 1340 and 20234?
134
What is the highest common factor of 120 and 7815?
15
What is the greatest common factor of 231 and 34287?
33
Calculate the highest common factor of 408 and 114444.
204
Calculate the greatest common factor of 6746553 and 9.
9
Calculate the highest common divisor of 1752 and 72.
24
Calculate the greatest common factor of 120684 and 84372.
1068
What is the highest common divisor of 59582 and 62?
62
What is the highest common divisor of 162 and 2196?
18
Calculate the greatest common factor of 472997 and 11032.
1379
Calculate the greatest common divisor of 1300 and 19708.
52
Calculate the greatest common factor of 207160 and 40.
40
What is the greatest common factor of 16 and 3522768?
16
What is the greatest common divisor of 63516 and 37788?
804
What is the greatest common divisor of 577042 and 58?
58
What is the highest common divisor of 4077 and 3105?
27
Calculate the greatest common factor of 8 and 221928.
8
What is the greatest common factor of 17170 and 850?
170
Calculate the greatest common factor of 290 and 35560.
10
What is the highest common factor of 33 and 229953?
3
Calculate the highest common divisor of 23 and 355258.
23
What is the greatest common factor of 219 and 68547?
219
Calculate the highest common factor of 311376 and 18.
6
Calculate the highest common factor of 3739142 and 726.
242
Calculate the greatest common divisor of 483028 and 364.
364
What is the highest common factor of 47334 and 18354?
966
Calculate the greatest common divisor of 156 and 541164.
156
Calculate the highest common divisor of 60154 and 1026.
38
What is the highest common divisor of 628 and 1116?
4
Calculate the highest common factor of 32332 and 63568.
548
Calculate the highest common divisor of 889629 and 117.
39
What is the highest common factor of 78 and 42848?
26
Calculate the greatest common divisor of 42325 and 75.
25
Calculate the greatest common factor of 42 and 18312.
42
What is the highest common divisor of 244965 and 483?
21
What is the greatest common divisor of 28 and 5701640?
28
What is the highest common divisor of 4 and 61076?
4
Calculate the greatest common divisor of 112 and 358.
2
Calculate the highest common factor of 1204 and 369950.
14
Calculate the highest common divisor of 7317 and 576.
9
Calculate the highest common divisor of 657 and 8249.
73
What is the greatest common factor of 194565 and 153?
51
What is the greatest common factor of 169 and 18863?
13
Calculate the greatest common factor of 918 and 14861502.
918
Calculate the greatest common divisor of 337 and 372048.
337
Calculate the greatest common divisor of 2908 and 392.
4
Calculate the greatest common factor of 6102 and 459.
27
What is the greatest common divisor of 1000945 and 55?
55
What is the greatest common factor of 31570 and 287?
287
Calculate the greatest common factor of 36432 and 16368.
528
What is the greatest common divisor of 66 and 1636382?
22
Calculate the highest common factor of 1090995 and 15.
15
Calculate the highest common factor of 57566 and 107.
107
Calculate the highest common factor of 9008 and 624.
16
What is the highest common divisor of 7334 and 92?
2
What is the highest common factor of 411881 and 3568?
223
Calculate the highest common divisor of 7969 and 2197.
13
Calculate the highest common divisor of 141435 and 22899.
1347
Calculate the highest common divisor of 287 and 80647.
287
What is the highest common divisor of 116451 and 4104?
513
Calculate the highest common divisor of 55474 and 8.
2
Calculate the greatest common factor of 987 and 828093.
987
Calculate the highest common factor of 2420874 and 1765.
353
Calculate the highest common divisor of 477 and 163611.
477
What is the greatest common divisor of 74 and 186295?
37
What is the greatest common factor of 30060 and 1908?
36
What is the highest common factor of 238 and 176?
2
What is the highest common factor of 316810 and 390?
130
Calculate the greatest common divisor of 45 and 3738105.
45
What is the greatest common factor of 63 and 1989729?
63
Calculate the highest common divisor of 5185 and 9455.
305
What is the greatest common divisor of 148629 and 169?
13
Calculate the greatest common factor of 5311 and 5264.
47
Calculate the greatest common factor of 70408 and 8.
8
What is the highest common divisor of 378 and 1753920?
378
Calculate the greatest common divisor of 1785322 and 308.
154
Calculate the highest common divisor of 1399106 and 2390.
478
What is the highest common divisor of 426 and 3900243?
213
What is the highest common divisor of 2451 and 741?
57
Calculate the highest common divisor of 3528 and 924.
84
Calculate the highest common factor of 1230207 and 726.
363
What is the greatest common factor of 244 and 39528?
244
Calculate the greatest common factor of 538962 and 4386.
258
Calculate the greatest common divisor of 83709 and 426.
213
What is the greatest common factor of 938 and 2345?
469
What is th